{"id":1836,"date":"2021-01-20T09:43:09","date_gmt":"2021-01-20T07:43:09","guid":{"rendered":"https:\/\/www.zeroten.palvelin.pro\/paino\/?page_id=1836"},"modified":"2021-02-01T15:59:48","modified_gmt":"2021-02-01T13:59:48","slug":"pyyda-tarjous","status":"publish","type":"page","link":"https:\/\/zeroten2.palvelin.pro\/paino\/pyyda-tarjous\/","title":{"rendered":"Pyyd\u00e4 tarjous"},"content":{"rendered":"\t\t<div data-elementor-type=\"wp-page\" data-elementor-id=\"1836\" class=\"elementor elementor-1836\" data-elementor-post-type=\"page\">\n\t\t\t\t\t\t<section class=\"elementor-section elementor-top-section elementor-element elementor-element-301c0442 elementor-section-height-min-height elementor-section-boxed elementor-section-height-default elementor-section-items-middle\" data-id=\"301c0442\" data-element_type=\"section\" data-e-type=\"section\" data-settings=\"{&quot;background_background&quot;:&quot;classic&quot;}\">\n\t\t\t\t\t\t\t<div class=\"elementor-background-overlay\"><\/div>\n\t\t\t\t\t\t\t<div class=\"elementor-container elementor-column-gap-default\">\n\t\t\t\t\t<div class=\"elementor-column elementor-col-100 elementor-top-column elementor-element elementor-element-5293625c\" data-id=\"5293625c\" data-element_type=\"column\" data-e-type=\"column\">\n\t\t\t<div class=\"elementor-widget-wrap elementor-element-populated\">\n\t\t\t\t\t\t<section class=\"elementor-section elementor-inner-section elementor-element elementor-element-63871b39 elementor-section-boxed elementor-section-height-default elementor-section-height-default\" data-id=\"63871b39\" data-element_type=\"section\" data-e-type=\"section\">\n\t\t\t\t\t\t<div class=\"elementor-container elementor-column-gap-default\">\n\t\t\t\t\t<div class=\"elementor-column elementor-col-50 elementor-inner-column elementor-element elementor-element-8154589\" data-id=\"8154589\" data-element_type=\"column\" data-e-type=\"column\">\n\t\t\t<div class=\"elementor-widget-wrap elementor-element-populated\">\n\t\t\t\t\t\t<div class=\"elementor-element elementor-element-65c70c42 elementor-widget elementor-widget-text-editor\" data-id=\"65c70c42\" data-element_type=\"widget\" data-e-type=\"widget\" data-widget_type=\"text-editor.default\">\n\t\t\t\t<div class=\"elementor-widget-container\">\n\t\t\t\t\t\t\t\t\t<p>Painonet valmistaa ymp\u00e4rist\u00f6yst\u00e4v\u00e4llisesti ja modernia digipainotekniikkaa h\u00f6ydynt\u00e4en kaikki yrityksesi painotuotteet. Olemme osa Mailhouse-konsernia ja tarjoamme markkinointiviestinn\u00e4n,\u00a0 postituksen ja logistiikan palvelut saman katon alta.\u00a0<\/p>\t\t\t\t\t\t\t\t<\/div>\n\t\t\t\t<\/div>\n\t\t\t\t\t<\/div>\n\t\t<\/div>\n\t\t\t\t<div class=\"elementor-column elementor-col-50 elementor-inner-column elementor-element elementor-element-562eafb4\" data-id=\"562eafb4\" data-element_type=\"column\" data-e-type=\"column\">\n\t\t\t<div class=\"elementor-widget-wrap\">\n\t\t\t\t\t\t\t<\/div>\n\t\t<\/div>\n\t\t\t\t\t<\/div>\n\t\t<\/section>\n\t\t\t\t\t<\/div>\n\t\t<\/div>\n\t\t\t\t\t<\/div>\n\t\t<\/section>\n\t\t\t\t<section class=\"elementor-section elementor-top-section elementor-element elementor-element-155b64c elementor-section-boxed elementor-section-height-default elementor-section-height-default\" data-id=\"155b64c\" data-element_type=\"section\" data-e-type=\"section\">\n\t\t\t\t\t\t<div class=\"elementor-container elementor-column-gap-default\">\n\t\t\t\t\t<div class=\"elementor-column elementor-col-50 elementor-top-column elementor-element elementor-element-cf38c58\" data-id=\"cf38c58\" data-element_type=\"column\" data-e-type=\"column\">\n\t\t\t<div class=\"elementor-widget-wrap elementor-element-populated\">\n\t\t\t\t\t\t<div class=\"elementor-element elementor-element-2a930ae elementor-widget elementor-widget-heading\" data-id=\"2a930ae\" data-element_type=\"widget\" data-e-type=\"widget\" data-widget_type=\"heading.default\">\n\t\t\t\t<div class=\"elementor-widget-container\">\n\t\t\t\t\t<h3 class=\"elementor-heading-title elementor-size-default\">Tee palvelustasi sujuvaa ja helppoa, pyyd\u00e4 tarjous.<\/h3>\t\t\t\t<\/div>\n\t\t\t\t<\/div>\n\t\t\t\t<div class=\"elementor-element elementor-element-933f38a elementor-widget elementor-widget-text-editor\" data-id=\"933f38a\" data-element_type=\"widget\" data-e-type=\"widget\" data-widget_type=\"text-editor.default\">\n\t\t\t\t<div class=\"elementor-widget-container\">\n\t\t\t\t\t\t\t\t\t<p>Kiitos mielenkiinnosta Painonetia kohtaan. Valmistamme kustannustehokkaasti ja nopealla aikataululla eri painotuotteet, teollisuustarrat ja myynninedist\u00e4misen materiaalit. Tarjoamme my\u00f6s kattavat palvelut suoramainonnasta postituspalveluihin ja markkinointilogistiikkaan.\u00a0<\/p><p>\u00a0<\/p><p>Asiantuntijamme auttavat sinua mielell\u00e4\u00e4n. R\u00e4\u00e4t\u00e4l\u00f6id\u00e4\u00e4n yhdess\u00e4 yrityksellesi sopiva kokonaisuus.<\/p>\t\t\t\t\t\t\t\t<\/div>\n\t\t\t\t<\/div>\n\t\t\t\t\t<\/div>\n\t\t<\/div>\n\t\t\t\t<div class=\"elementor-column elementor-col-50 elementor-top-column elementor-element elementor-element-c679099\" data-id=\"c679099\" data-element_type=\"column\" data-e-type=\"column\">\n\t\t\t<div class=\"elementor-widget-wrap elementor-element-populated\">\n\t\t\t\t\t\t<div class=\"elementor-element elementor-element-5aee7c7 elementor-widget elementor-widget-heading\" data-id=\"5aee7c7\" data-element_type=\"widget\" data-e-type=\"widget\" data-widget_type=\"heading.default\">\n\t\t\t\t<div class=\"elementor-widget-container\">\n\t\t\t\t\t<h3 class=\"elementor-heading-title elementor-size-default\">J\u00e4t\u00e4 tarjouspyynt\u00f6<\/h3>\t\t\t\t<\/div>\n\t\t\t\t<\/div>\n\t\t\t\t<div class=\"elementor-element elementor-element-01ab29f elementor-widget elementor-widget-text-editor\" data-id=\"01ab29f\" data-element_type=\"widget\" data-e-type=\"widget\" data-widget_type=\"text-editor.default\">\n\t\t\t\t<div class=\"elementor-widget-container\">\n\t\t\t\t\t\t\t\t\t<p>Voit k\u00e4ytt\u00e4\u00e4 alla olevaa lomaketta pyyt\u00e4\u00e4ksesi meilt\u00e4 tarjouksen:<\/p>\t\t\t\t\t\t\t\t<\/div>\n\t\t\t\t<\/div>\n\t\t\t\t<div class=\"elementor-element elementor-element-6712e28 eael-contact-form-7-button-align-left eael-contact-form-7-button-custom elementor-widget elementor-widget-eael-contact-form-7\" data-id=\"6712e28\" data-element_type=\"widget\" data-e-type=\"widget\" data-widget_type=\"eael-contact-form-7.default\">\n\t\t\t\t<div class=\"elementor-widget-container\">\n\t\t\t\t\t<div class=\"eael-contact-form-7-wrapper\">\n                <div class=\"eael-contact-form eael-contact-form-7 eael-contact-form-6712e28 placeholder-show eael-contact-form-align-default\">\n<div class=\"wpcf7 no-js\" id=\"wpcf7-f1851-o1\" lang=\"en-US\" dir=\"ltr\" data-wpcf7-id=\"1851\">\n<div class=\"screen-reader-response\"><p role=\"status\" aria-live=\"polite\" aria-atomic=\"true\"><\/p> <ul><\/ul><\/div>\n<form action=\"\/paino\/wp-json\/wp\/v2\/pages\/1836#wpcf7-f1851-o1\" method=\"post\" class=\"wpcf7-form init\" aria-label=\"Contact form\" enctype=\"multipart\/form-data\" novalidate=\"novalidate\" data-status=\"init\">\n<div style=\"display: none;\">\n<input type=\"hidden\" name=\"_wpcf7\" value=\"1851\" \/>\n<input type=\"hidden\" name=\"_wpcf7_version\" value=\"6.0.6\" \/>\n<input type=\"hidden\" name=\"_wpcf7_locale\" value=\"en_US\" \/>\n<input type=\"hidden\" name=\"_wpcf7_unit_tag\" value=\"wpcf7-f1851-o1\" \/>\n<input type=\"hidden\" name=\"_wpcf7_container_post\" value=\"0\" \/>\n<input type=\"hidden\" name=\"_wpcf7_posted_data_hash\" value=\"\" \/>\n<\/div>\n<p><label>Etunimi ja sukunimi:<br \/>\n<span class=\"wpcf7-form-control-wrap\" data-name=\"Etunimi\"><input size=\"40\" maxlength=\"400\" class=\"wpcf7-form-control wpcf7-text wpcf7-validates-as-required\" aria-required=\"true\" aria-invalid=\"false\" value=\"\" type=\"text\" name=\"Etunimi\" \/><\/span> <\/label>\n<\/p>\n<p><label> S\u00e4hk\u00f6postiosoite:<br \/>\n<span class=\"wpcf7-form-control-wrap\" data-name=\"sahkopostiosoite\"><input size=\"40\" maxlength=\"400\" class=\"wpcf7-form-control wpcf7-email wpcf7-validates-as-required wpcf7-text wpcf7-validates-as-email\" aria-required=\"true\" aria-invalid=\"false\" value=\"\" type=\"email\" name=\"sahkopostiosoite\" \/><\/span><\/label>\n<\/p>\n<p><label> Puhelin:<br \/>\n<span class=\"wpcf7-form-control-wrap\" data-name=\"puhelin\"><input size=\"40\" maxlength=\"400\" class=\"wpcf7-form-control wpcf7-tel wpcf7-validates-as-required wpcf7-text wpcf7-validates-as-tel\" aria-required=\"true\" aria-invalid=\"false\" value=\"\" type=\"tel\" name=\"puhelin\" \/><\/span><\/label>\n<\/p>\n<p><label> Aihe:<br \/>\n<span class=\"wpcf7-form-control-wrap\" data-name=\"aihe\"><input size=\"40\" maxlength=\"400\" class=\"wpcf7-form-control wpcf7-text wpcf7-validates-as-required\" aria-required=\"true\" aria-invalid=\"false\" value=\"\" type=\"text\" name=\"aihe\" \/><\/span> <\/label>\n<\/p>\n<p><label> Lis\u00e4tietoja:<br \/>\n<span class=\"wpcf7-form-control-wrap\" data-name=\"Listietoja\"><textarea cols=\"40\" rows=\"10\" maxlength=\"2000\" class=\"wpcf7-form-control wpcf7-textarea wpcf7-validates-as-required\" aria-required=\"true\" aria-invalid=\"false\" name=\"Listietoja\"><\/textarea><\/span><\/label>\n<\/p>\n<p><label> Liitetiedosto (Maks. 40Mb):<br \/>\n<span class=\"wpcf7-form-control-wrap\" data-name=\"Liite\"><input size=\"40\" class=\"wpcf7-form-control wpcf7-file\" accept=\".gif,.png,.jpg,.jpeg,.pdf,.doc,.ppt,.pptx,.docx\" aria-invalid=\"false\" type=\"file\" name=\"Liite\" \/><\/span><\/label>\n<\/p>\n<p><input class=\"wpcf7-form-control wpcf7-submit has-spinner\" type=\"submit\" value=\"L\u00e4het\u00e4\" \/>\n<\/p><div class=\"wpcf7-response-output\" aria-hidden=\"true\"><\/div>\n<\/form>\n<\/div>\n<\/div>\n            <\/div>\t\t\t\t<\/div>\n\t\t\t\t<\/div>\n\t\t\t\t\t<\/div>\n\t\t<\/div>\n\t\t\t\t\t<\/div>\n\t\t<\/section>\n\t\t\t\t<\/div>\n\t\t","protected":false},"excerpt":{"rendered":"<p>Painonet valmistaa ymp\u00e4rist\u00f6yst\u00e4v\u00e4llisesti ja modernia digipainotekniikkaa h\u00f6ydynt\u00e4en kaikki yrityksesi painotuotteet. Olemme osa Mailhouse-konsernia ja tarjoamme markkinointiviestinn\u00e4n,\u00a0 postituksen ja logistiikan palvelut saman katon alta.\u00a0 Tee palvelustasi sujuvaa ja helppoa, pyyd\u00e4 tarjous. Kiitos mielenkiinnosta Painonetia kohtaan. Valmistamme kustannustehokkaasti ja nopealla aikataululla eri painotuotteet, teollisuustarrat ja myynninedist\u00e4misen materiaalit. Tarjoamme my\u00f6s kattavat palvelut suoramainonnasta postituspalveluihin ja markkinointilogistiikkaan.\u00a0 \u00a0 Asiantuntijamme&hellip; <a class=\"more-link\" href=\"https:\/\/zeroten2.palvelin.pro\/paino\/pyyda-tarjous\/\">Jatka lukemista <span class=\"screen-reader-text\">Pyyd\u00e4 tarjous<\/span><\/a><\/p>\n","protected":false},"author":9,"featured_media":0,"parent":0,"menu_order":0,"comment_status":"closed","ping_status":"closed","template":"","meta":{"inline_featured_image":false,"footnotes":""},"class_list":["post-1836","page","type-page","status-publish","hentry","entry"],"yoast_head":"<!-- This site is optimized with the Yoast SEO plugin v25.6 - https:\/\/yoast.com\/wordpress\/plugins\/seo\/ -->\n<title>Pyyd\u00e4 tarjous | Painonet Oy<\/title>\n<meta name=\"robots\" content=\"noindex, follow, max-snippet:-1, max-image-preview:large, max-video-preview:-1\" \/>\n<meta property=\"og:locale\" content=\"fi_FI\" \/>\n<meta property=\"og:type\" content=\"article\" \/>\n<meta property=\"og:title\" content=\"Pyyd\u00e4 tarjous | Painonet Oy\" \/>\n<meta property=\"og:description\" content=\"Painonet valmistaa ymp\u00e4rist\u00f6yst\u00e4v\u00e4llisesti ja modernia digipainotekniikkaa h\u00f6ydynt\u00e4en kaikki yrityksesi painotuotteet. Olemme osa Mailhouse-konsernia ja tarjoamme markkinointiviestinn\u00e4n,\u00a0 postituksen ja logistiikan palvelut saman katon alta.\u00a0 Tee palvelustasi sujuvaa ja helppoa, pyyd\u00e4 tarjous. Kiitos mielenkiinnosta Painonetia kohtaan. Valmistamme kustannustehokkaasti ja nopealla aikataululla eri painotuotteet, teollisuustarrat ja myynninedist\u00e4misen materiaalit. Tarjoamme my\u00f6s kattavat palvelut suoramainonnasta postituspalveluihin ja markkinointilogistiikkaan.\u00a0 \u00a0 Asiantuntijamme&hellip; Jatka lukemista Pyyd\u00e4 tarjous\" \/>\n<meta property=\"og:url\" content=\"https:\/\/zeroten2.palvelin.pro\/paino\/pyyda-tarjous\/\" \/>\n<meta property=\"og:site_name\" content=\"Painonet Oy\" \/>\n<meta property=\"article:modified_time\" content=\"2021-02-01T13:59:48+00:00\" \/>\n<meta name=\"twitter:card\" content=\"summary_large_image\" \/>\n<meta name=\"twitter:label1\" content=\"Arvioitu lukuaika\" \/>\n\t<meta name=\"twitter:data1\" content=\"1 minuutti\" \/>\n<script type=\"application\/ld+json\" class=\"yoast-schema-graph\">{\"@context\":\"https:\/\/schema.org\",\"@graph\":[{\"@type\":\"WebPage\",\"@id\":\"https:\/\/zeroten2.palvelin.pro\/paino\/pyyda-tarjous\/\",\"url\":\"https:\/\/zeroten2.palvelin.pro\/paino\/pyyda-tarjous\/\",\"name\":\"Pyyd\u00e4 tarjous | Painonet Oy\",\"isPartOf\":{\"@id\":\"https:\/\/zeroten2.palvelin.pro\/paino\/#website\"},\"datePublished\":\"2021-01-20T07:43:09+00:00\",\"dateModified\":\"2021-02-01T13:59:48+00:00\",\"breadcrumb\":{\"@id\":\"https:\/\/zeroten2.palvelin.pro\/paino\/pyyda-tarjous\/#breadcrumb\"},\"inLanguage\":\"fi\",\"potentialAction\":[{\"@type\":\"ReadAction\",\"target\":[\"https:\/\/zeroten2.palvelin.pro\/paino\/pyyda-tarjous\/\"]}]},{\"@type\":\"BreadcrumbList\",\"@id\":\"https:\/\/zeroten2.palvelin.pro\/paino\/pyyda-tarjous\/#breadcrumb\",\"itemListElement\":[{\"@type\":\"ListItem\",\"position\":1,\"name\":\"Etusivu\",\"item\":\"https:\/\/zeroten2.palvelin.pro\/paino\/\"},{\"@type\":\"ListItem\",\"position\":2,\"name\":\"Pyyd\u00e4 tarjous\"}]},{\"@type\":\"WebSite\",\"@id\":\"https:\/\/zeroten2.palvelin.pro\/paino\/#website\",\"url\":\"https:\/\/zeroten2.palvelin.pro\/paino\/\",\"name\":\"Painonet Oy\",\"description\":\"Painotalo Helsingiss&auml;\",\"publisher\":{\"@id\":\"https:\/\/zeroten2.palvelin.pro\/paino\/#organization\"},\"potentialAction\":[{\"@type\":\"SearchAction\",\"target\":{\"@type\":\"EntryPoint\",\"urlTemplate\":\"https:\/\/zeroten2.palvelin.pro\/paino\/?s={search_term_string}\"},\"query-input\":{\"@type\":\"PropertyValueSpecification\",\"valueRequired\":true,\"valueName\":\"search_term_string\"}}],\"inLanguage\":\"fi\"},{\"@type\":\"Organization\",\"@id\":\"https:\/\/zeroten2.palvelin.pro\/paino\/#organization\",\"name\":\"Painonet Oy\",\"url\":\"https:\/\/zeroten2.palvelin.pro\/paino\/\",\"logo\":{\"@type\":\"ImageObject\",\"inLanguage\":\"fi\",\"@id\":\"https:\/\/zeroten2.palvelin.pro\/paino\/#\/schema\/logo\/image\/\",\"url\":\"https:\/\/zeroten2.palvelin.pro\/paino\/wp-content\/uploads\/2021\/01\/painotuotteet.jpg\",\"contentUrl\":\"https:\/\/zeroten2.palvelin.pro\/paino\/wp-content\/uploads\/2021\/01\/painotuotteet.jpg\",\"width\":568,\"height\":400,\"caption\":\"Painonet Oy\"},\"image\":{\"@id\":\"https:\/\/zeroten2.palvelin.pro\/paino\/#\/schema\/logo\/image\/\"}}]}<\/script>\n<!-- \/ Yoast SEO plugin. -->","yoast_head_json":{"title":"Pyyd\u00e4 tarjous | Painonet Oy","robots":{"index":"noindex","follow":"follow","max-snippet":"max-snippet:-1","max-image-preview":"max-image-preview:large","max-video-preview":"max-video-preview:-1"},"og_locale":"fi_FI","og_type":"article","og_title":"Pyyd\u00e4 tarjous | Painonet Oy","og_description":"Painonet valmistaa ymp\u00e4rist\u00f6yst\u00e4v\u00e4llisesti ja modernia digipainotekniikkaa h\u00f6ydynt\u00e4en kaikki yrityksesi painotuotteet. Olemme osa Mailhouse-konsernia ja tarjoamme markkinointiviestinn\u00e4n,\u00a0 postituksen ja logistiikan palvelut saman katon alta.\u00a0 Tee palvelustasi sujuvaa ja helppoa, pyyd\u00e4 tarjous. Kiitos mielenkiinnosta Painonetia kohtaan. Valmistamme kustannustehokkaasti ja nopealla aikataululla eri painotuotteet, teollisuustarrat ja myynninedist\u00e4misen materiaalit. Tarjoamme my\u00f6s kattavat palvelut suoramainonnasta postituspalveluihin ja markkinointilogistiikkaan.\u00a0 \u00a0 Asiantuntijamme&hellip; Jatka lukemista Pyyd\u00e4 tarjous","og_url":"https:\/\/zeroten2.palvelin.pro\/paino\/pyyda-tarjous\/","og_site_name":"Painonet Oy","article_modified_time":"2021-02-01T13:59:48+00:00","twitter_card":"summary_large_image","twitter_misc":{"Arvioitu lukuaika":"1 minuutti"},"schema":{"@context":"https:\/\/schema.org","@graph":[{"@type":"WebPage","@id":"https:\/\/zeroten2.palvelin.pro\/paino\/pyyda-tarjous\/","url":"https:\/\/zeroten2.palvelin.pro\/paino\/pyyda-tarjous\/","name":"Pyyd\u00e4 tarjous | Painonet Oy","isPartOf":{"@id":"https:\/\/zeroten2.palvelin.pro\/paino\/#website"},"datePublished":"2021-01-20T07:43:09+00:00","dateModified":"2021-02-01T13:59:48+00:00","breadcrumb":{"@id":"https:\/\/zeroten2.palvelin.pro\/paino\/pyyda-tarjous\/#breadcrumb"},"inLanguage":"fi","potentialAction":[{"@type":"ReadAction","target":["https:\/\/zeroten2.palvelin.pro\/paino\/pyyda-tarjous\/"]}]},{"@type":"BreadcrumbList","@id":"https:\/\/zeroten2.palvelin.pro\/paino\/pyyda-tarjous\/#breadcrumb","itemListElement":[{"@type":"ListItem","position":1,"name":"Etusivu","item":"https:\/\/zeroten2.palvelin.pro\/paino\/"},{"@type":"ListItem","position":2,"name":"Pyyd\u00e4 tarjous"}]},{"@type":"WebSite","@id":"https:\/\/zeroten2.palvelin.pro\/paino\/#website","url":"https:\/\/zeroten2.palvelin.pro\/paino\/","name":"Painonet Oy","description":"Painotalo Helsingiss&auml;","publisher":{"@id":"https:\/\/zeroten2.palvelin.pro\/paino\/#organization"},"potentialAction":[{"@type":"SearchAction","target":{"@type":"EntryPoint","urlTemplate":"https:\/\/zeroten2.palvelin.pro\/paino\/?s={search_term_string}"},"query-input":{"@type":"PropertyValueSpecification","valueRequired":true,"valueName":"search_term_string"}}],"inLanguage":"fi"},{"@type":"Organization","@id":"https:\/\/zeroten2.palvelin.pro\/paino\/#organization","name":"Painonet Oy","url":"https:\/\/zeroten2.palvelin.pro\/paino\/","logo":{"@type":"ImageObject","inLanguage":"fi","@id":"https:\/\/zeroten2.palvelin.pro\/paino\/#\/schema\/logo\/image\/","url":"https:\/\/zeroten2.palvelin.pro\/paino\/wp-content\/uploads\/2021\/01\/painotuotteet.jpg","contentUrl":"https:\/\/zeroten2.palvelin.pro\/paino\/wp-content\/uploads\/2021\/01\/painotuotteet.jpg","width":568,"height":400,"caption":"Painonet Oy"},"image":{"@id":"https:\/\/zeroten2.palvelin.pro\/paino\/#\/schema\/logo\/image\/"}}]}},"_links":{"self":[{"href":"https:\/\/zeroten2.palvelin.pro\/paino\/wp-json\/wp\/v2\/pages\/1836"}],"collection":[{"href":"https:\/\/zeroten2.palvelin.pro\/paino\/wp-json\/wp\/v2\/pages"}],"about":[{"href":"https:\/\/zeroten2.palvelin.pro\/paino\/wp-json\/wp\/v2\/types\/page"}],"author":[{"embeddable":true,"href":"https:\/\/zeroten2.palvelin.pro\/paino\/wp-json\/wp\/v2\/users\/9"}],"replies":[{"embeddable":true,"href":"https:\/\/zeroten2.palvelin.pro\/paino\/wp-json\/wp\/v2\/comments?post=1836"}],"version-history":[{"count":58,"href":"https:\/\/zeroten2.palvelin.pro\/paino\/wp-json\/wp\/v2\/pages\/1836\/revisions"}],"predecessor-version":[{"id":2360,"href":"https:\/\/zeroten2.palvelin.pro\/paino\/wp-json\/wp\/v2\/pages\/1836\/revisions\/2360"}],"wp:attachment":[{"href":"https:\/\/zeroten2.palvelin.pro\/paino\/wp-json\/wp\/v2\/media?parent=1836"}],"curies":[{"name":"wp","href":"https:\/\/api.w.org\/{rel}","templated":true}]}}